 x(9).
-17
Let n(h) = h**3 - 4*h**2 - 4*h - 11. What is n(5)?
-6
Let f(t) = t**3 - 9*t**2 + 6*t + 14. Determine f(6).
-58
Let x(u) = -3*u - 24. Calculate x(-6).
-6
Let o(r) = -6*r**2 - 133*r - 24. What is o(-22)?
-2
Let z(q) = -2*q**3 - 4*q**2 + 6*q - 2. Give z(2).
-22
Let a(p) = -p**2 + 3. Determine a(0).
3
Let n(g) = g**3 + 22*g**2 - 42*g + 18. Determine n(-24).
-126
Let p(y) = y + 1. Determine p(12).
13
Let a(o) = -o**3 - o**2 + 8*o + 10. Determine a(-3).
4
Let a(q) = -q**3 + 14*q**2 + 15*q - 8. Determine a(15).
-8
Let r(f) = -f**2 + 8*f - 8. Calculate r(8).
-8
Let p(b) = -4*b - 42. What is p(-13)?
10
Let c(p) = p**3 - 9*p**2 + 2*p + 19. What is c(8)?
-29
Let d(y) = 47*y - 147. What is d(3)?
-6
Let n(d) = 3*d**3 - 5*d**2 - 2*d + 1. Give n(4).
105
Let d(k) = k**2 - 10*k + 2. Give d(11).
13
Let k(h) = -4*h - 1. Determine k(-3).
11
Let w(i) = 10*i**2 - 1. Give w(-1).
9
Let m(v) = -3*v - 15. Determine m(-5).
0
Let r(n) = -6*n + 136. What is r(23)?
-2
Let b(q) = 3*q**2 - 8*q - 26. What is b(6)?
34
Let o(a) = -a**3 + 31*a**2 - 29*a - 28. What is o(30)?
2
Let y(j) = -j**2 - 22*j + 76. What is y(-25)?
1
Let p(s) = s**2 + s - 7. What is p(4)?
13
Let c(t) = -t + 11. Determine c(17).
-6
Let n(x) = x**3 - 10*x**2 + 6*x + 10. Give n(9).
-17
Let x(y) = y**2 + 17*y - 8. Calculate x(-17).
-8
Let i(r) = 4*r**2 - 76*r + 308. What is i(6)?
-4
Let z(r) = -9*r + 24. Give z(-3).
51
Let n(d) = d**3 - 8*d**2 + 9*d - 6. Calculate n(6).
-24
Let s(p) = -5*p**2 + p - 2. Calculate s(-3).
-50
Let d(p) = -2*p - 3. Calculate d(5).
-13
Let w(u) = -u**3 + 11*u**2 + 14*u - 10. Give w(12).
14
Let p(t) = t**2 + 30*t + 107. Determine p(-4).
3
Let l(r) = r**2 - 27*r + 104. What is l(5)?
-6
Let q(o) = o**3 - 4*o**2 + 3*o + 1. What is q(3)?
1
Let g(p) = -p**2 - 4*p + 49. Give g(0).
49
Let u(k) = k**2 - 12*k + 35. Determine u(10).
15
Let y(z) = -3*z - 25. What is y(-5)?
-10
Let m(z) = -z**3 + 16*z**2 - 28*z - 7. Give m(14).
-7
Let j(a) = 24*a - 84. Calculate j(4).
12
Let z(i) = -147*i - 744. Calculate z(-5).
-9
Let i(m) = m**3 + m**2 - m + 8. Determine i(-3).
-7
Let o(z) = -7*z + 1. Calculate o(2).
-13
Let a(t) = t**2 + 3*t - 3. Give a(2).
7
Let j(t) = -t**3 + 10*t**2 + 28*t + 3. Give j(12).
51
Let q(a) = a**3 - 4*a**2 + 16*a - 33. Give q(3).
6
Let u(h) = h - 11. Determine u(-5).
-16
Let b(o) = 2*o**2 - 25*o + 49. Give b(11).
16
Let f(t) = -6*t - 23. Determine f(-5).
7
Let o(t) = -42*t + 99. Give o(4).
-69
Let n(d) = -d**2 + 46*d + 1406. Give n(-21).
-1
Let h(n) = 10*n - 4. What is h(-1)?
-14
Let f(r) = r**2 - 23*r + 43. Determine f(21).
1
Let i(a) = -3*a**3 + 8*a**2 - 11*a + 5. What is i(4)?
-103
Let c(u) = 4*u + 2. Determine c(-1).
-2
Let c(v) = 3*v**2 + 8*v - 5. Calculate c(-3).
-2
Let r(c) = -15*c + 2. Determine r(2).
-28
Let p(n) = 4*n**2 - 22*n + 7. Give p(7).
49
Let t(h) = -62*h - 317. Calculate t(-5).
-7
Let d(n) = -n**3 + 26*n**2 - 43*n - 120. Give d(24).
0
Let l(d) = -4*d. Calculate l(4).
-16
Let x(p) = 4*p - 20. Determine x(7).
8
Let o(x) = x**3 - 7*x**2 + 8*x - 11. Calculate o(5).
-21
Let z(y) = 11*y**2 + y - 1. Determine z(1).
11
Let h(u) = -u**3 + 7*u**2 - 5*u. Give h(6).
6
Let w(b) = 2*b**2 - 45*b - 17. Determine w(23).
6
Let l(q) = -67*q + 1. What is l(-2)?
135
Let a(x) = x**3 - x**2 - 6*x + 4. Calculate a(4).
28
Let i(s) = -2*s + 3. Determine i(-1).
5
Let w(y) = y - 6. Calculate w(14).
8
Let s(g) = -3*g - 6. Calculate s(1).
-9
Let i(f) = 3*f - 34. Give i(11).
-1
Let h(a) = -a**2 + 5*a + 7. Calculate h(8).
-17
Let z(m) = -m**3 + 7*m**2 - 6*m - 2. What is z(6)?
-2
Let n(k) = -22*k. Determine n(4).
-88
Let b(x) = -x**3 + 2*x**2 + 4*x. Give b(0).
0
Let g(s) = 5*s - 9. Give g(-4).
-29
Let n(r) = r**3 - 10*r**2 - 24*r + 140. What is n(11)?
-3
Let b(v) = 4*v**2 - 72*v + 15. Calculate b(18).
15
Let w(k) = -5*k - 3. Determine w(4).
-23
Let v(w) = w**2 - w - 81. Calculate v(-9).
9
Let i(c) = -13*c + 8. Determine i(2).
-18
Let b(f) = f + 5. Determine b(-6).
-1
Let i(x) = x**2 - 2*x - 17. Calculate i(9).
46
Let q(u) = -42*u - 197. Give q(-5).
13
Let a(z) = -z**3 - 5*z**2 + 6*z + 9. Calculate a(-6).
9
Let k(f) = f**2 + 51*f + 48. Give k(-50).
-2
Let c(u) = 5*u + 35. What is c(-7)?
0
Let f(o) = 3*o**2 + 2*o - 4. Determine f(0).
-4
Let h(i) = i - 5. Calculate h(7).
2
Let x(k) = 2*k + 24. Give x(-9).
6
Let s(r) = -3*r**2 + 109*r - 42. Determine s(36).
-6
Let p(y) = 52*y - 2. Calculate p(-1).
-54
Let f(r) = -3*r - 92. Give f(-29).
-5
Let q(i) = 4*i + 1. What is q(-5)?
-19
Let f(r) = 5*r - 36. Determine f(3).
-21
Let h(s) = 3*s**3 + 4*s**2 - 2*s - 1. Calculate h(1).
4
Let o(g) = 4*g**2 - 19*g - 9. Determine o(6).
21
Let n(f) = -f**3 - 12*f**2 + 15*f + 29. Calculate n(-13).
3
Let y(x) = 3*x**2 + 6*x - 2. Give y(-2).
-2
Let o(b) = -5*b - 149. Calculate o(-30).
1
Let q(j) = 7*j + 107. Give q(-15).
2
Let i(j) = -2*j + 18. What is i(11)?
-4
Let t(w) = -16*w - 83. Calculate t(-10).
77
Let j(k) = -k**3 + 6*k**2 + 3*k - 4. Give j(6).
14
Let q(n) = n**3 - 10*n**2 - 4*n. What is q(8)?
-160
Let d(c) = -2*c**2 - 59*c + 15. Give d(-30).
-15
Let q(j) = j - 11. What is q(-11)?
-22
Let b(v) = -v**3 - 5*v**2 - 4*v - 41. What is b(-5)?
-21
Let f(l) = l**3 + 8*l**2 + 5*l + 2. Give f(-4).
46
Let l(q) = -q**3 + 14*q**2 + 4*q - 19. Give l(14).
37
Let w(r) = r**3 + 9*r**2 - 2*r - 2. Calculate w(-9).
16
Let l(v) = v - 9. Calculate l(14).
5
Let f(d) = -d**2 + 13*d + 48. Calculate f(15).
18
Let h(c) = -c**3 - 11*c**2 + 20*c - 34. What is h(-13)?
44
Let k(x) = -x**3 - 11*x**2 - 8*x + 10. Determine k(-9).
-80
Let c(d) = d**3 - 4*d**2 - 3*d + 8. Calculate c(4).
-4
Let g(z) = -2*z**2 - 7*z + 16. What is g(-7)?
-33
Let d(x) = x**2 - 3*x + 2. Calculate d(10).
72
Let b(k) = -4*k - 111. Determine b(-25).
-11
Let h(g) = 2*g**2 - 4*g - 8. Calculate h(4).
8
Let p(a) = -a**3 + 8*a**2 + 21*a + 2. Determine p(10).
12
Let i(v) = 9*v**2 - v + 1. Determine i(1).
9
Let k(n) = -n**3 - 3*n**2 + 11*n + 6. Calculate k(-5).
1
Let s(j) = -21*j - 8. Calculate s(4).
-92
Let d(l) = -2*l - 7. What is d(6)?
-19
Let z(h) = h**3 - 10*h**2 - h - 5. Calculate z(9).
-95
Let v(b) = b**3 + 15*b**2 - b - 18. What is v(-15)?
-3
Let v(t) = -14*t - 76. Calculate v(-4).
-20
Let j(q) = -52*q - 11. Determine j(-1).
41
Let u(g) = g**3 - 8*g**2 + g - 14. Determine u(8).
-6
Let r(c) = 2*c + 21. What is r(-24)?
-27
Let w(z) = 2*z**2 - z + 6. Determine w(0).
6
Let r(z) = 40*z - 116. What is r(3)?
4
Let b(l) = -l - 6. Give b(-4).
-2
Let n(j) = j**3 + 33*j**2 + 58*j - 126. Determine n(-31).
-2
Let c(q) = 4*q + 14. Give c(-5).
-6
Let s(d) = -d**3 + 6*d**2 - d - 11. Determine s(6).
-17
Let c(i) = i**3 - 5*i**2 + 5*i - 4. Give c(4).
0
Let q(o) = o + 9. Determine q(8).
17
Let o(f) = -f**3 - 7*f**2 + 13*f + 13. Determine o(-9).
58
Let a(x) = x**3 - 2*x**2 - 8*x + 5. Give a(4).
5
Let b(m) = m**3 - 7*m**2 - 3*m + 10. Calculate b(7).
-11
Let n(i) = -i**3 - 4*i**2 + 8*i - 5. What is n(-6)?
19
Let f(k) = k**2 + 12*k + 2. Calculate f(-11).
-9
Let w(i) = -i**2 + 14*i - 10. Calculate w(13).
3
Let x(b) = 6*b**2 + 36*b - 16. Determine x(-7).
26
Let x(g) = -g**2 + 31*g - 243. Give x(15).
-3
Let l(m) = -m**2 - 5*m + 21. Give l(-6).
15
Let p(w) = w**2 - 3*w + 2. Determine p(3).
2
Let j(q) = q**3 - 9*q**2 + 3*q + 61. Calculate j(7).
-16
Let w(l) = l**3 + 16*l**2 + 16*l + 11. Calculate w(-15).
-4
Let m(q) = -q**3 + 4*q**2 + q - 9. Determine m(4).
-5
Let t(w) = -w - 4. Determine t(-6).
2
Let g(w) = -2*w**3 + 14*w**2 - 12*w + 1. Calculate g(6).
1
Let n(x) = -x - 17. Determine n(-14).
-3
Let t(y) = -3*y**2 + 19*y - 4. Give t(6).
2
Let z(m) = 33*m + 106. What is z(-4)?
-26
Let d(k) = -6*k + 16. What is d(8)?
-32
Let b(c) = 6*c**2 - 2. Give b(-2).
22
Let y(v) = -v**3 - 6*v**2 + 9*v + 8. What is y(-7)?
-6
Let d(u) = u**3 + 7*u**2 - 3*u + 68. Calculate d(-8).
28
Let t(x) = x**2 - 18*x + 71. Give t(6).
-1
Let v(i) = 3*i**2 + 24*i + 12. Give v(-8).
12
Let b(j) = -j**3 + 85*j**2 - 473*j - 79. Calculate b(79).
0
Let a(k) = -k**3 - 3*k**2 + 3*k - 4. What is a(-5)?
31
Let s(q) = -q**2 + 69*q - 309. Determine s(5).
11
Let p(h) = h**2 - 9*h - 7. What is p(7)?
-21
Let g(d) = -2*d**2 - 3*d + 3. Calculate g(-3).
-6
Let o(h) = h**3 - 5*h**2 - 3*h + 3. Determine o(6).
21
Let l(i) = -6*i + 167. Give l(28).
-1
Let v(o) = o**3 + 18*o**2 - 20*o - 10. Determine v(-19).
9
Let u(d) = 13*d**3 - 1. D